{"id":3467,"date":"2019-07-30T23:04:11","date_gmt":"2019-07-31T02:04:11","guid":{"rendered":"http:\/\/sepacosaude.com.br\/home\/?page_id=3467"},"modified":"2019-07-31T22:09:09","modified_gmt":"2019-08-01T01:09:09","slug":"nucleos-de-apoio","status":"publish","type":"page","link":"http:\/\/sepacosaude.com.br\/home\/nucleos-de-apoio\/","title":{"rendered":"N\u00facleos de Apoio"},"content":{"rendered":"<div class='grid-row clearfix'><div class='grid-col grid-col-12'><section class='cws-widget'><section class='cws_widget_content'>\n<p><strong>Fa\u00e7a sua inscri\u00e7\u00e3o em um dos N\u00facleos de Apoio:<\/strong><\/p>\n<i class='featured_icon  pointer fa fa fa-phone fa-1x'><\/i>\u00a0 \u00a0(11) 2182-7662<\/p>\n<i class='featured_icon  pointer fa fa fa-envelope fa-1x'><\/i>\u00a0 \u00a0promocao.saude@sepaco.org.br<\/p>\n<\/section><\/section><section class='cws-widget'><div class='cws_widget_content tab_widget'>\r\n\t\t\t\t<div class='tabs'><a class='tab active' role='tab' tabindex='0'>NAI - N\u00facleo de Apoio ao Idoso<\/a><a class='tab' role='tab' tabindex='1'>NAG - N\u00facleo de Apoio \u00e0 Gestante<\/a><a class='tab' role='tab' tabindex='2'>NAA - N\u00facleo de Apoio ao Adulto<\/a><\/div>\r\n\t\t\t\t<div class='tab_items'><div class='tab_item' role='tabpanel' tabindex='0'>\n<p>O NAI tem como objetivo, promover a sa\u00fade das pessoas com mais de 60 anos e a preven\u00e7\u00e3o de doen\u00e7as.<br \/>O acompanhamento adequado favorece melhor qualidade de vida e disposi\u00e7\u00e3o para desfrutar as coisas boas da vida.<\/p>\n<p><iframe title=\"Conhe\u00e7a o N\u00facleo de Apoio ao Idoso do Sepaco Autogest\u00e3o\" width=\"896\" height=\"504\" src=\"https:\/\/www.youtube.com\/embed\/tACqRK5Lm2c?feature=oembed\" frameborder=\"0\" allow=\"accelerometer; autoplay; encrypted-media; gyroscope; picture-in-picture\" allowfullscreen><\/iframe><\/p>\n<\/div><div class='tab_item' role='tabpanel' tabindex='1' style='display:none'>\n<p>O NAG tem o objetivo de acompanhar a mulher no per\u00edodo de gravidez e puerp\u00e9rio.<br \/>As gestantes recebem acompanhamento e tem um canal direto para sanar as d\u00favidas, com a equipe de Promo\u00e7\u00e3o \u00e0 Sa\u00fade.<\/p>\n<\/div><div class='tab_item' role='tabpanel' tabindex='2' style='display:none'>\n<p>O NAA tem o objetivo de acompanhar os benefici\u00e1rios portadores de doen\u00e7as cr\u00f4nicas (diabetes, hipertens\u00e3o e obesidade). <br \/>Com o acompanhamento adequado, o indiv\u00edduo tem um melhor controle da sua doen\u00e7a e consequentemente diminui o risco de complica\u00e7\u00f5es e agravos.<\/p>\n<\/div><\/div>\r\n\t\t\t\t<\/div><\/section><\/div><\/div>\n<!-- AddThis Advanced Settings generic via filter on the_content --><!-- AddThis Share Buttons generic via filter on the_content -->","protected":false},"excerpt":{"rendered":"<p><!-- AddThis Advanced Settings generic via filter on get_the_excerpt --><!-- AddThis Share Buttons generic via filter on get_the_excerpt --><\/p>\n","protected":false},"author":1,"featured_media":0,"parent":0,"menu_order":0,"comment_status":"closed","ping_status":"closed","template":"","meta":{"advgb_blocks_editor_width":"","advgb_blocks_columns_visual_guide":"","ub_ctt_via":"","_mi_skip_tracking":false},"featured_image_src":null,"coauthors":[],"author_meta":{"author_link":"http:\/\/sepacosaude.com.br\/home\/author\/master\/","display_name":"master"},"relative_dates":{"created":"Posted 7 anos ago","modified":"Updated 7 anos ago"},"absolute_dates":{"created":"Posted on julho de 2019","modified":"Updated on julho de 2019"},"absolute_dates_time":{"created":"Posted on julho de 2019 23:04","modified":"Updated on julho de 2019 22:09"},"featured_img_caption":"","featured_img":false,"featured_image_src_square":null,"_links":{"self":[{"href":"http:\/\/sepacosaude.com.br\/home\/wp-json\/wp\/v2\/pages\/3467"}],"collection":[{"href":"http:\/\/sepacosaude.com.br\/home\/wp-json\/wp\/v2\/pages"}],"about":[{"href":"http:\/\/sepacosaude.com.br\/home\/wp-json\/wp\/v2\/types\/page"}],"author":[{"embeddable":true,"href":"http:\/\/sepacosaude.com.br\/home\/wp-json\/wp\/v2\/users\/1"}],"replies":[{"embeddable":true,"href":"http:\/\/sepacosaude.com.br\/home\/wp-json\/wp\/v2\/comments?post=3467"}],"version-history":[{"count":15,"href":"http:\/\/sepacosaude.com.br\/home\/wp-json\/wp\/v2\/pages\/3467\/revisions"}],"predecessor-version":[{"id":3504,"href":"http:\/\/sepacosaude.com.br\/home\/wp-json\/wp\/v2\/pages\/3467\/revisions\/3504"}],"wp:attachment":[{"href":"http:\/\/sepacosaude.com.br\/home\/wp-json\/wp\/v2\/media?parent=3467"}],"curies":[{"name":"wp","href":"https:\/\/api.w.org\/{rel}","templated":true}]}}